{"id":1641,"date":"2025-08-09T13:41:46","date_gmt":"2025-08-09T12:41:46","guid":{"rendered":"https:\/\/www.lesproductionsduvendredi.com\/wordpress\/?page_id=1641"},"modified":"2025-09-05T10:08:44","modified_gmt":"2025-09-05T09:08:44","slug":"ya-voy","status":"publish","type":"page","link":"http:\/\/www.lesproductionsduvendredi.com\/wordpress\/ya-voy\/","title":{"rendered":"\u00a1Ya Voy\u00a0!"},"content":{"rendered":"<div id=\"texte\" class=\"divup-wrap divup-wrap-1  divup-wrap-odd\" ><div id=\"divup-id-1\"\r\n\t\t\t\t\t\t\tclass=\"divup div-1 div-odd first total-div-1\">\n\n\n\n<h1 class=\"wp-block-heading titre\">\u00a1Ya Voy !<\/h1>\n\n\n\n<figure class=\"wp-block-image size-full\"><img loading=\"lazy\" decoding=\"async\" width=\"800\" height=\"800\" src=\"http:\/\/www.lesproductionsduvendredi.com\/wordpress\/wp-content\/uploads\/2025\/08\/YA-VOY.jpg\" alt=\"\" class=\"wp-image-1639\" srcset=\"http:\/\/www.lesproductionsduvendredi.com\/wordpress\/wp-content\/uploads\/2025\/08\/YA-VOY.jpg 800w, http:\/\/www.lesproductionsduvendredi.com\/wordpress\/wp-content\/uploads\/2025\/08\/YA-VOY-300x300.jpg 300w, http:\/\/www.lesproductionsduvendredi.com\/wordpress\/wp-content\/uploads\/2025\/08\/YA-VOY-150x150.jpg 150w, http:\/\/www.lesproductionsduvendredi.com\/wordpress\/wp-content\/uploads\/2025\/08\/YA-VOY-768x768.jpg 768w\" sizes=\"auto, (max-width: 800px) 100vw, 800px\" \/><\/figure>\n\n\n\n<h2 class=\"wp-block-heading\"><br><strong>Cr\u00e9ation Automne 2025<\/strong><\/h2>\n\n\n\n<h2 class=\"wp-block-heading\">iYa Voy! est la magie d&rsquo;une rencontre entre les musiques tradionnelles Colombiennes et les musiques improvis\u00e9es. C&rsquo;est l&rsquo;histoire de quatre musicien-nes qui voyagent&#8230;<\/h2>\n\n\n\n<h2 class=\"wp-block-heading\">Alejandra Charry et Moises Zamora Mes\u00f9 grandissent ensemble dans le village de Cabuyal Candelaria \u00e0 l\u2019ouest de la Colombie dans la vall\u00e9e del Cauca. Elle arrive en France en 2004 avec sa voix et son violoncelle, lui vit toujours l\u00e0-bas avec son marimba et ses multiples instruments.<\/h2>\n\n\n\n<h2 class=\"wp-block-heading\">De l\u2019autre c\u00f4t\u00e9 des continents, Sakina Abdou et Thibault Cellier se croisent sur les sc\u00e8nes jazz et musiques improvis\u00e9es europ\u00e9ennes depuis une d\u00e9cennie sans avoir eu l\u2019occasion de jouer ensemble.<\/h2>\n\n\n\n<h2 class=\"wp-block-heading\">!Ya Voy ! chante son utopie et cr\u00e9e un folklore imaginaire haut en couleur et en mouvement. D\u2019un c\u00f4t\u00e9 la musique traditionnelle colombienne avec ses 3 temps chaloup\u00e9s, ses hymnes chantant la libert\u00e9, sa tradition des voix\/percussions, de la danse, de la transe, son rapport social \u00e0 la musique avec des fonc6ons ritualis\u00e9es. Et pour le Jazz et les musiques improvis\u00e9es la libert\u00e9, l\u2019engagement, l\u2019appropria6on de tradi6ons ou encore la c\u00e9l\u00e9bra6on de l\u2019instant.<\/h2>\n\n\n\n<h2 class=\"wp-block-heading\">La richesse du partage de cette diversit\u00e9 est au c\u0153ur de cette musique qui porte des h\u00e9ritages culturels forts. Et au croisement de ce,e rencontre se trouve une musique libre, celle qui laisse le c\u0153ur aller l\u00e0 o\u00f9 il doit aller.<\/h2>\n\n\n\n<h2 class=\"wp-block-heading\">Ce quartet est aussi la r\u00e9union de deux traditions improvisatrices : celle issue des musiques traditionnelles et celle issue du free jazz. Des socles diff\u00e9rents, des fonctions diff\u00e9rentes, et pour autant la m\u00eame corde sensible qui porte les 4 musicien-nes : celle de vibrer ensemble.<\/h2>\n\n\n\n<h2 class=\"wp-block-heading\">Voix, Saxophone, marimba\/percussions et contrebasse, un son brut et plein, celui qui chante et explore les yeux grands ouverts&#8230;<\/h2>\n\n\n\n<h2 class=\"wp-block-heading\"><br><strong>Line up&nbsp;:<\/strong><\/h2>\n\n\n\n<p>Alejandra Charry : Voix , Colombie \/ France<br>Sakina Abdou : Saxophones \/ France<br>Moises Zamora Mes\u00fa : Marimba, percussions, mul6-instruments, Colombie<br>Thibault Cellier : Contrebasse \/ France<\/p>\n\n\n\n<h1 class=\"wp-block-heading\"><br>VIDEO<\/h1>\n\n\n<div id=\"divup-post-1641-2\" class=\"divup-wrap divup-wrap-2  divup-wrap-even videoWrapper\" ><div id=\"divup-id-2\"\r\n\t\t\t\t\t\t\tclass=\"divup div-1 div-odd first total-div-2\">\n\n\n\n<figure class=\"wp-block-embed is-type-video is-provider-youtube wp-block-embed-youtube wp-embed-aspect-16-9 wp-has-aspect-ratio\"><div class=\"wp-block-embed__wrapper\">\n<iframe loading=\"lazy\" title=\"\u00a1 Ya voy !\" width=\"660\" height=\"371\" src=\"https:\/\/www.youtube.com\/embed\/J-YPo4yf-Qs?feature=oembed\" frameborder=\"0\" allow=\"accelerometer; autoplay; clipboard-write; encrypted-media; gyroscope; picture-in-picture; web-share\" referrerpolicy=\"strict-origin-when-cross-origin\" allowfullscreen><\/iframe>\n<\/div><\/figure>\n\n\n<\/div><\/div>\n\n\n<\/div><\/div>\n\n\n<div id=\"infos\" class=\"divup-wrap divup-wrap-3  divup-wrap-odd mul-3\" ><div id=\"divup-id-3\"\r\n\t\t\t\t\t\t\tclass=\"divup div-1 div-odd first total-div-3\">\n\n\n\n<h1 class=\"wp-block-heading\">CONTACT PRODUCTION<\/h1>\n\n\n\n<p>Matthieu CARDON<br><a href=\"mailto:m.cardon@lesproductionsduvendredi.com\" target=\"_blank\" rel=\"noopener\">envoyer un mail<\/a><br>+ 33 688400331<br><br><strong>Booking en collaboration avec <a href=\"https:\/\/homefactory.live\" data-type=\"link\" data-id=\"https:\/\/homefactory.live\" target=\"_blank\" rel=\"noreferrer noopener nofollow\">Home Factory<\/a>.<\/strong><\/p>\n\n\n\n<h1 class=\"wp-block-heading\">Tour<\/h1>\n\n\n<div class=\"simcal-calendar simcal-default-calendar simcal-default-calendar-list simcal-default-calendar-light\" data-calendar-id=\"1707\" data-timezone=\"Europe\/Paris\" data-offset=\"7200\" data-week-start=\"1\" data-calendar-start=\"1777413600\" data-calendar-end=\"1793573941\" data-events-first=\"1775167259\" data-events-last=\"1793573941\"><div class=\"simcal-calendar-list \"><nav class=\"simcal-calendar-head\">\n\t<div class=\"simcal-nav\">\n\t\t<button class=\"simcal-nav-button simcal-prev\" title=\"Pr\u00e9c\u00e9dent\" aria-label=\"Pr\u00e9c\u00e9dent\">\n\t\t\t<i class=\"simcal-icon-left\"><\/i>\n\t\t<\/button>\n\t<\/div>\n\t<div class=\"simcal-nav simcal-current \" data-calendar-current=\"1777413600\">\n\t\t<h3 class=\"simcal-current-label\"> <\/h3>\n\t<\/div>\n\t<div class=\"simcal-nav\">\t\t<button class=\"simcal-nav-button simcal-next\" title=\"Suiv.\" aria-label=\"Suiv.\">\t\t\t<i class=\"simcal-icon-right\"><\/i>\n\t\t<\/button>\n\t<\/div>\n<\/nav>\n<dl class=\"simcal-events-list-container\" data-prev=\"1775167259\" data-next=\"1793573941\" data-heading-small=\"1 novembre 2026\" data-heading-large=\"1 novembre 2026\">\t<dt class=\"simcal-day-label\" style=\"border-bottom: 1px solid #000000;\" ><span style=\"background-color: #000000; color: #ffffff;\"><span class=\"simcal-date-format\" data-date-format=\"j F Y\">1 novembre 2026<\/span> <\/span><\/dt>\n<dd class=\"simcal-weekday-0 simcal-past simcal-day simcal-day-has-events simcal-day-has-1-events simcal-events-calendar-1707\" data-events-count=\"1\">\n\t<ul class=\"simcal-events\">\n\t<li class=\"simcal-event simcal-event-has-location simcal-events-calendar-1707\" style=\"\" itemscope itemtype=\"http:\/\/schema.org\/Event\" data-start=\"1793487659\">\n\t\t<div class=\"simcal-event-details\"><p><span class=\"simcal-event-start simcal-event-start-date\" data-event-start=\"1793487659\" data-event-format=\"j F Y\" itemprop=\"startDate\" content=\"2026-11-01T00:00:59+01:00\">1 novembre 2026<\/span><br \/>\n<span class=\"simcal-event-address simcal-event-start-location\" itemprop=\"location\" itemscope itemtype=\"http:\/\/schema.org\/Place\"><meta itemprop=\"name\" content=\"Tampere Jazz Festival - Finlande\" \/><meta itemprop=\"address\" content=\"Tampere Jazz Festival - Finlande\" \/>Tampere Jazz Festival - Finlande<\/span><\/p><\/div>\n\t<\/li>\n<\/ul>\n\n<\/dd>\n<\/dl><div class=\"simcal-ajax-loader simcal-spinner-top\" style=\"display: none;\"><i class=\"simcal-icon-spinner simcal-icon-spin\"><\/i><\/div><\/div><\/div>\n\n\n<\/div><\/div>\n","protected":false},"excerpt":{"rendered":"<p>\u00a1Ya Voy ! Cr\u00e9ation Automne 2025 iYa Voy! est la magie d&rsquo;une rencontre entre les musiques tradionnelles Colombiennes et les musiques improvis\u00e9es. C&rsquo;est l&rsquo;histoire de quatre musicien-nes qui voyagent&#8230; Alejandra Charry et Moises Zamora Mes\u00f9 grandissent ensemble dans le village de Cabuyal Candelaria \u00e0 l\u2019ouest de la Colombie dans la vall\u00e9e del Cauca. Elle arrive &hellip; <a href=\"http:\/\/www.lesproductionsduvendredi.com\/wordpress\/ya-voy\/\" class=\"more-link\">Continuer la lecture de <span class=\"screen-reader-text\">\u00a1Ya Voy\u00a0!<\/span><\/a><\/p>\n","protected":false},"author":1,"featured_media":0,"parent":0,"menu_order":0,"comment_status":"closed","ping_status":"closed","template":"page.php","meta":{"footnotes":""},"class_list":["post-1641","page","type-page","status-publish","hentry"],"_links":{"self":[{"href":"http:\/\/www.lesproductionsduvendredi.com\/wordpress\/wp-json\/wp\/v2\/pages\/1641","targetHints":{"allow":["GET"]}}],"collection":[{"href":"http:\/\/www.lesproductionsduvendredi.com\/wordpress\/wp-json\/wp\/v2\/pages"}],"about":[{"href":"http:\/\/www.lesproductionsduvendredi.com\/wordpress\/wp-json\/wp\/v2\/types\/page"}],"author":[{"embeddable":true,"href":"http:\/\/www.lesproductionsduvendredi.com\/wordpress\/wp-json\/wp\/v2\/users\/1"}],"replies":[{"embeddable":true,"href":"http:\/\/www.lesproductionsduvendredi.com\/wordpress\/wp-json\/wp\/v2\/comments?post=1641"}],"version-history":[{"count":19,"href":"http:\/\/www.lesproductionsduvendredi.com\/wordpress\/wp-json\/wp\/v2\/pages\/1641\/revisions"}],"predecessor-version":[{"id":1728,"href":"http:\/\/www.lesproductionsduvendredi.com\/wordpress\/wp-json\/wp\/v2\/pages\/1641\/revisions\/1728"}],"wp:attachment":[{"href":"http:\/\/www.lesproductionsduvendredi.com\/wordpress\/wp-json\/wp\/v2\/media?parent=1641"}],"curies":[{"name":"wp","href":"https:\/\/api.w.org\/{rel}","templated":true}]}}

<div id="texte" class="divup-wrap divup-wrap-1  divup-wrap-odd" ><div id="divup-id-1"
							class="divup div-1 div-odd first total-div-1">



<h1 class="wp-block-heading titre">¡Ya Voy !</h1>



<figure class="wp-block-image size-full"><img loading="lazy" decoding="async" width="800" height="800" src="http://www.lesproductionsduvendredi.com/wordpress/wp-content/uploads/2025/08/YA-VOY.jpg" alt="" class="wp-image-1639" srcset="http://www.lesproductionsduvendredi.com/wordpress/wp-content/uploads/2025/08/YA-VOY.jpg 800w, http://www.lesproductionsduvendredi.com/wordpress/wp-content/uploads/2025/08/YA-VOY-300x300.jpg 300w, http://www.lesproductionsduvendredi.com/wordpress/wp-content/uploads/2025/08/YA-VOY-150x150.jpg 150w, http://www.lesproductionsduvendredi.com/wordpress/wp-content/uploads/2025/08/YA-VOY-768x768.jpg 768w" sizes="auto, (max-width: 800px) 100vw, 800px" /></figure>



<h2 class="wp-block-heading"><br><strong>Création Automne 2025</strong></h2>



<h2 class="wp-block-heading">iYa Voy! est la magie d&rsquo;une rencontre entre les musiques tradionnelles Colombiennes et les musiques improvisées. C&rsquo;est l&rsquo;histoire de quatre musicien-nes qui voyagent&#8230;</h2>



<h2 class="wp-block-heading">Alejandra Charry et Moises Zamora Mesù grandissent ensemble dans le village de Cabuyal Candelaria à l’ouest de la Colombie dans la vallée del Cauca. Elle arrive en France en 2004 avec sa voix et son violoncelle, lui vit toujours là-bas avec son marimba et ses multiples instruments.</h2>



<h2 class="wp-block-heading">De l’autre côté des continents, Sakina Abdou et Thibault Cellier se croisent sur les scènes jazz et musiques improvisées européennes depuis une décennie sans avoir eu l’occasion de jouer ensemble.</h2>



<h2 class="wp-block-heading">!Ya Voy ! chante son utopie et crée un folklore imaginaire haut en couleur et en mouvement. D’un côté la musique traditionnelle colombienne avec ses 3 temps chaloupés, ses hymnes chantant la liberté, sa tradition des voix/percussions, de la danse, de la transe, son rapport social à la musique avec des fonc6ons ritualisées. Et pour le Jazz et les musiques improvisées la liberté, l’engagement, l’appropria6on de tradi6ons ou encore la célébra6on de l’instant.</h2>



<h2 class="wp-block-heading">La richesse du partage de cette diversité est au cœur de cette musique qui porte des héritages culturels forts. Et au croisement de ce,e rencontre se trouve une musique libre, celle qui laisse le cœur aller là où il doit aller.</h2>



<h2 class="wp-block-heading">Ce quartet est aussi la réunion de deux traditions improvisatrices : celle issue des musiques traditionnelles et celle issue du free jazz. Des socles différents, des fonctions différentes, et pour autant la même corde sensible qui porte les 4 musicien-nes : celle de vibrer ensemble.</h2>



<h2 class="wp-block-heading">Voix, Saxophone, marimba/percussions et contrebasse, un son brut et plein, celui qui chante et explore les yeux grands ouverts&#8230;</h2>



<h2 class="wp-block-heading"><br><strong>Line up&nbsp;:</strong></h2>



<p>Alejandra Charry : Voix , Colombie / France<br>Sakina Abdou : Saxophones / France<br>Moises Zamora Mesú : Marimba, percussions, mul6-instruments, Colombie<br>Thibault Cellier : Contrebasse / France</p>



<h1 class="wp-block-heading"><br>VIDEO</h1>


<div id="divup-post-1641-2" class="divup-wrap divup-wrap-2  divup-wrap-even videoWrapper" ><div id="divup-id-2"
							class="divup div-1 div-odd first total-div-2">



<figure class="wp-block-embed is-type-video is-provider-youtube wp-block-embed-youtube wp-embed-aspect-16-9 wp-has-aspect-ratio"><div class="wp-block-embed__wrapper">
<iframe loading="lazy" title="¡ Ya voy !" width="660" height="371" src="https://www.youtube.com/embed/J-YPo4yf-Qs?feature=oembed" frameborder="0" allow="accelerometer; autoplay; clipboard-write; encrypted-media; gyroscope; picture-in-picture; web-share" referrerpolicy="strict-origin-when-cross-origin" allowfullscreen></iframe>
</div></figure>


</div></div>


</div></div>


<div id="infos" class="divup-wrap divup-wrap-3  divup-wrap-odd mul-3" ><div id="divup-id-3"
							class="divup div-1 div-odd first total-div-3">



<h1 class="wp-block-heading">CONTACT PRODUCTION</h1>



<p>Matthieu CARDON<br><a href="mailto:m.cardon@lesproductionsduvendredi.com" target="_blank" rel="noopener">envoyer un mail</a><br>+ 33 688400331<br><br><strong>Booking en collaboration avec <a href="https://homefactory.live" data-type="link" data-id="https://homefactory.live" target="_blank" rel="noreferrer noopener nofollow">Home Factory</a>.</strong></p>



<h1 class="wp-block-heading">Tour</h1>


<div class="simcal-calendar simcal-default-calendar simcal-default-calendar-list simcal-default-calendar-light" data-calendar-id="1707" data-timezone="Europe/Paris" data-offset="7200" data-week-start="1" data-calendar-start="1777413600" data-calendar-end="1793573941" data-events-first="1775167259" data-events-last="1793573941"><div class="simcal-calendar-list "><nav class="simcal-calendar-head">
	<div class="simcal-nav">
		<button class="simcal-nav-button simcal-prev" title="Précédent" aria-label="Précédent">
			<i class="simcal-icon-left"></i>
		</button>
	</div>
	<div class="simcal-nav simcal-current " data-calendar-current="1777413600">
		<h3 class="simcal-current-label"> </h3>
	</div>
	<div class="simcal-nav">		<button class="simcal-nav-button simcal-next" title="Suiv." aria-label="Suiv.">			<i class="simcal-icon-right"></i>
		</button>
	</div>
</nav>
<dl class="simcal-events-list-container" data-prev="1775167259" data-next="1793573941" data-heading-small="1 novembre 2026" data-heading-large="1 novembre 2026">	<dt class="simcal-day-label" style="border-bottom: 1px solid #000000;" ><span style="background-color: #000000; color: #ffffff;"><span class="simcal-date-format" data-date-format="j F Y">1 novembre 2026</span> </span></dt>
<dd class="simcal-weekday-0 simcal-past simcal-day simcal-day-has-events simcal-day-has-1-events simcal-events-calendar-1707" data-events-count="1">
	<ul class="simcal-events">
	<li class="simcal-event simcal-event-has-location simcal-events-calendar-1707" style="" itemscope itemtype="http://schema.org/Event" data-start="1793487659">
		<div class="simcal-event-details"><p><span class="simcal-event-start simcal-event-start-date" data-event-start="1793487659" data-event-format="j F Y" itemprop="startDate" content="2026-11-01T00:00:59+01:00">1 novembre 2026</span><br />
<span class="simcal-event-address simcal-event-start-location" itemprop="location" itemscope itemtype="http://schema.org/Place"><meta itemprop="name" content="Tampere Jazz Festival - Finlande" /><meta itemprop="address" content="Tampere Jazz Festival - Finlande" />Tampere Jazz Festival - Finlande</span></p></div>
	</li>
</ul>

</dd>
</dl><div class="simcal-ajax-loader simcal-spinner-top" style="display: none;"><i class="simcal-icon-spinner simcal-icon-spin"></i></div></div></div>


</div></div>

<p>¡Ya Voy ! Création Automne 2025 iYa Voy! est la magie d&rsquo;une rencontre entre les musiques tradionnelles Colombiennes et les musiques improvisées. C&rsquo;est l&rsquo;histoire de quatre musicien-nes qui voyagent&#8230; Alejandra Charry et Moises Zamora Mesù grandissent ensemble dans le village de Cabuyal Candelaria à l’ouest de la Colombie dans la vallée del Cauca. Elle arrive &hellip; <a href="http://www.lesproductionsduvendredi.com/wordpress/ya-voy/" class="more-link">Continuer la lecture de <span class="screen-reader-text">¡Ya Voy !</span></a></p>
